divided by 2039.
15
What is the remainder when 248603 is divided by 10?
3
What is the remainder when 67287 is divided by 86?
35
Calculate the remainder when 1027992 is divided by 342264.
1200
What is the remainder when 4179645 is divided by 696603?
27
What is the remainder when 7669215 is divided by 108017?
8
What is the remainder when 3515714 is divided by 521?
6
Calculate the remainder when 859440 is divided by 31814.
462
Calculate the remainder when 4333992 is divided by 43.
22
Calculate the remainder when 1708749 is divided by 1336.
5
Calculate the remainder when 82367903 is divided by 479.
21
Calculate the remainder when 11242280 is divided by 42.
14
What is the remainder when 1712261 is divided by 10192?
5
Calculate the remainder when 95892 is divided by 690.
672
Calculate the remainder when 25107553 is divided by 2352.
2305
What is the remainder when 186255930 is divided by 38?
32
What is the remainder when 18168 is divided by 4522?
80
What is the remainder when 17748 is divided by 4168?
1076
Calculate the remainder when 1353315 is divided by 849.
9
What is the remainder when 247250 is divided by 15424?
466
What is the remainder when 18682819 is divided by 9341385?
49
Calculate the remainder when 27605785 is divided by 1243.
1241
What is the remainder when 19201 is divided by 17138?
2063
Calculate the remainder when 280024 is divided by 878.
820
Calculate the remainder when 124345404 is divided by 247700.
4
What is the remainder when 182527 is divided by 227?
19
What is the remainder when 8822168 is divided by 176?
168
What is the remainder when 1023153 is divided by 51157?
13
What is the remainder when 12705746 is divided by 3178?
102
Calculate the remainder when 107207399 is divided by 20.
19
What is the remainder when 41032456 is divided by 54204?
28
What is the remainder when 24293 is divided by 11227?
1839
What is the remainder when 60935 is divided by 30316?
303
What is the remainder when 20805 is divided by 2238?
663
Calculate the remainder when 12150580 is divided by 1763.
1747
Calculate the remainder when 35201 is divided by 11699.
104
Calculate the remainder when 369351 is divided by 61220.
2031
What is the remainder when 124170 is divided by 244?
218
What is the remainder when 86009484 is divided by 19424?
12
Calculate the remainder when 6491712 is divided by 2524.
2508
Calculate the remainder when 4537963 is divided by 1530.
1513
What is the remainder when 14386845 is divided by 3318?
3315
Calculate the remainder when 22659 is divided by 334.
281
What is the remainder when 310322 is divided by 2753?
1986
What is the remainder when 34058359 is divided by 446?
15
What is the remainder when 16244480 is divided by 1353702?
56
What is the remainder when 1670679 is divided by 835280?
119
What is the remainder when 318774 is divided by 4194?
30
What is the remainder when 10032027 is divided by 417?
258
Calculate the remainder when 45766339 is divided by 199853.
2
Calculate the remainder when 1438152 is divided by 14239.
13
Calculate the remainder when 8624778 is divided by 220.
118
Calculate the remainder when 98804 is divided by 16384.
500
What is the remainder when 47049 is divided by 2566?
861
What is the remainder when 15180258 is divided by 185125?
8
What is the remainder when 47711 is divided by 3449?
2874
Calculate the remainder when 126705 is divided by 6331.
85
What is the remainder when 216671 is divided by 6539?
884
What is the remainder when 4720 is divided by 1629?
1462
What is the remainder when 206325 is divided by 2323?
1901
Calculate the remainder when 203119 is divided by 25358.
255
Calculate the remainder when 1144412 is divided by 1834.
1830
What is the remainder when 49399924 is divided by 19?
0
Calculate the remainder when 2045536 is divided by 5635.
31
Calculate the remainder when 338824 is divided by 336279.
2545
Calculate the remainder when 153544318 is divided by 32.
30
What is the remainder when 2605797 is divided by 106?
105
Calculate the remainder when 225174 is divided by 1844.
206
Calculate the remainder when 31538742 is divided by 2087.
2085
Calculate the remainder when 333141 is divided by 333031.
110
What is the remainder when 21463 is divided by 2755?
2178
Calculate the remainder when 14428411 is divided by 182.
179
Calculate the remainder when 164735 is divided by 1810.
25
What is the remainder when 1112894 is divided by 377?
367
Calculate the remainder when 58975 is divided by 5299.
686
What is the remainder when 4824 is divided by 892?
364
What is the remainder when 91740 is divided by 30573?
21
What is the remainder when 81876 is divided by 10919?
5443
Calculate the remainder when 149815 is divided by 18.
1
Calculate the remainder when 69330 is divided by 1325.
430
What is the remainder when 349994196 is divided by 38888244?
0
What is the remainder when 106691 is divided by 172?
51
Calculate the remainder when 167402812 is divided by 16.
12
Calculate the remainder when 1031170 is divided by 795.
55
Calculate the remainder when 215163 is divided by 26887.
67
Calculate the remainder when 467788 is divided by 813.
313
Calculate the remainder when 537280 is divided by 29.
26
What is the remainder when 299979 is divided by 299958?
21
Calculate the remainder when 78075171 is divided by 39037576.
19
What is the remainder when 125061 is divided by 2977?
27
What is the remainder when 78763854 is divided by 1774?
28
Calculate the remainder when 113952 is divided by 3242.
482
What is the remainder when 2490087 is divided by 62251?
47
What is the remainder when 60558032 is divided by 31?
28
What is the remainder when 1312838 is divided by 37?
4
What is the remainder when 28195 is divided by 9206?
577
What is the remainder when 28319267 is divided by 52638?
23
Calculate the remainder when 129570 is divided by 5630.
80
Calculate the remainder when 1915796 is divided by 8.
4
Calculate the remainder when 296385 is divided by 100.
85
What is the remainder when 2658502 is divided by 531690?
52
What is the remainder when 20476 is divided by 85?
76
What is the remainder when 66147088 is divided by 1696078?
46
What is the remainder when 3338946 is divided by 151770?
6
Calculate the remainder when 844856 is divided by 660.
56
What is the remainder when 74477 is divided by 74464?
13
Calculate the remainder when 5112472 is divided by 1646.
1642
What is the remainder when 5200034 is divided by 468?
86
What is the remainder when 14732 is divided by 413?
277
What is the remainder when 565621 is divided by 1331?
1277
Calculate the remainder when 111481 is divided by 3325.
1756
Calculate the remainder when 87446 is divided by 2250.
1946
What is the remainder when 415942 is divided by 103984?
6
What is the remainder when 22347759 is divided by 1366?
1365
What is the remainder when 209584256 is divided by 1858?
1856
What is the remainder when 5115754 is divided by 20?
14
Calculate the remainder when 3733369784 is divided by 27.
26
What is the remainder when 8631327 is divided by 1004?
943
What is the remainder when 271535695 is divided by 5366?
5363
Calculate the remainder when 305637 is divided by 1306.
33
Calculate the remainder when 168861 is divided by 40934.
5125
Calculate the remainder when 145564 is divided by 48478.
130
What is the remainder when 21136910 is divided by 839?
822
What is the remainder when 58225498 is divided by 750?
748
What is the remainder when 54491 is divided by 85?
6
Calculate the remainder when 476072 is divided by 19.
8
What is the remainder when 135254 is divided by 2621?
1583
What is the remainder when 79545 is divided by 1940?
5
Calculate the remainder when 284796 is divided by 10168.
92
What is the remainder when 9090 is divided by 206?
26
What is the remainder when 531834 is divided by 48335?
149
Calculate the remainder when 2259994 is divided by 86.
0
Calculate the remainder when 1055423 is divided by 15991.
17
Calculate the remainder when 1591466 is divided by 397836.
122
Calculate the remainder when 202986 is divided by 91.
56
Calculate the remainder when 5030790 is divided by 282.
192
What is the remainder when 47356 is divided by 641?
563
What is the remainder when 901226 is divided by 1702?
868
Calculate the remainder when 5307039 is divided by 589642.
261
Calculate the remaind